7297
Let q(j) = 2605*j - 6. Let b be q(1). Suppose 0 = -7*y + 2140 + b. What are the prime factors of y?
677
Suppose 10*n = 9*n. Suppose -7*a - 9*a + 6416 = n. List the prime factors of a.
401
List the prime factors of (-16569186)/(-486) + (-40)/(-1620).
103, 331
Let n(l) = l**2 + 3*l + 2. Let h be n(8). Suppose 9*i = -0*i + h. Suppose 0 = -5*p - i, 5*f - p = -4*p + 244. List the prime factors of f.
2, 5
Suppose 34*u + 42*u = -717442 + 5376090. What are the prime factors of u?
2, 30649
Let n(b) = 14*b - 24. Let u be n(2). Suppose j = r - 3*r + 635, -1595 = -5*r - u*j. List the prime factors of r.
3, 5, 7
Suppose -3086 - 358 = 7*d. Let s = d + 1008. List the prime factors of s.
2, 3, 43
Suppose -6*y + 4035 = -y. Let r = -573 + y. What are the prime factors of r?
2, 3, 13
Suppose -2*w - 58 = -4*z, -z = -2*w - 2 - 5. Let d(g) = 55*g - 349. List the prime factors of d(z).
2, 293
Let w = -46 + 37. Let h be (-34)/(-14) + w/21. Suppose -o - 77 = -j + o, -j - h*o = -57. What are the prime factors of j?
67
Suppose 1476 = -73*f + 70*f. Let x = 3192 - f. List the prime factors of (-8)/(-60) - x/(-45).
2, 41
Let z be 2 + (3 - (-4)/(-1)). Let n be 3 + (-3 + 2 - z) + 2. Suppose -n*v + 6*v = 243. List the prime factors of v.
3
Let p(n) = -n**2 + 11*n. Let u be p(0). Suppose -5*d = -7*q + 6*q + 582, u = -2*q + 5*d + 1154. List the prime factors of q.
2, 11, 13
Suppose -11*w + 8*w = -u + 11798, -2*w = 4*u - 47164. List the prime factors of u.
2, 11, 67
Let h(c) = 3*c**2 - 3*c - 3. Let j be h(-3). Suppose 0 = -30*p + j*p - 279. What are the prime factors of p?
3, 31
Let r(s) = -2151*s + 197. What are the prime factors of r(-19)?
2, 20533
Suppose 6 = 4*a - 6*h + 3*h, 5*a = -5*h - 10. Suppose y + y - 21 = 5*z, 3*y - 2*z - 4 = a. List the prime factors of (2 - (-5)/y)*(-202)/1.
101
Let s = -13 - -17. Suppose 0 = 8*a + s*a - 912. Let h = a - -46. List the prime factors of h.
2, 61
Suppose 59*f - 50*f - 100278 = 0. What are the prime factors of f?
2, 3, 619
Suppose -21*r + 432 = -450. List the prime factors of ((-6)/(-3)*-66)/((-28)/r).
2, 3, 11
Let x(o) = -735*o**3 + 6*o**2 + 4*o + 11. List the prime factors of x(-2).
3, 11, 179
Let y = -22 - -22. Let n be ((-846)/(-27))/((-1)/(-3)). Suppose -2*r + 4 = y, 3*x - 2*x - 4*r - n = 0. List the prime factors of x.
2, 3, 17
Suppose -459*r - 2878789 = 18*r - 16318264. List the prime factors of r.
5, 7, 23
Let g be ((-6)/(-21))/(20/140). List the prime factors of (381 - g)*(-8 + 9).
379
Let f = 88 + -84. Suppose z - 7*l + 3*l = 89, 0 = f*z + 2*l - 266. List the prime factors of z.
3, 23
Let j = -6473 + 11074. What are the prime factors of j?
43, 107
Let m be -2*7/28*-14. Suppose 3*v - 3044 = -6*g + m*g, 2016 = 2*v - 4*g. List the prime factors of v.
2, 127
Suppose -4*t + 127 - 55 = 0. Let z(f) = 2 - 1 + 18*f + t*f - 12*f. What are the prime factors of z(7)?
13
Let m be (3/1)/((-2)/(-12)). Suppose 3*q + m = -51. Let p = q - -271. List the prime factors of p.
2, 31
Suppose 0 = 5*z + 2*w - 60197, -2*z - 3*w + 2*w + 24078 = 0. List the prime factors of z.
12041
Let b = -29126 + 43288. List the prime factors of b.
2, 73, 97
Let g = -3624 - -3571. Let r = 101 + -34. Let d = r + g. List the prime factors of d.
2, 7
Let b be -1 - 5/(15/(-624)). Let a(v) = -13 - 222*v - 17 + b*v. What are the prime factors of a(-4)?
2, 3, 5
Let m(o) = -19*o + 25. Let c be m(5). Let a = -69 - c. Let u(n) = 122*n**3 - n + 2. List the prime factors of u(a).
3, 41
Suppose 2*w = 4*r + 10104, 5*w = -15*r + 16*r + 25242. What are the prime factors of w?
2, 631
Let s be 54/4 - (-4 - (-49)/14). What are the prime factors of (s - 13)/(1/1081)?
23, 47
Let k be 210/(-14)*(-1)/3. Suppose 0 = -k*u + 1885 + 2365. List the prime factors of u.
2, 5, 17
Suppose 0*s = -5*s + 30. Let q be (s/(-4))/((-21)/(-56)). Let p = 155 - q. List the prime factors of p.
3, 53
Suppose 679 + 926 = -3*j. Let k = 764 + j. Suppose -4*g + k = -y, 2*g + y + y = 122. List the prime factors of g.
2, 29
Let a = -26918 - -55763. List the prime factors of a.
3, 5, 641
Let u = -4 - -4. Suppose -10 = -2*w, -3*k - 4*w + 0*w = -128. Suppose -m + k = -2*c, u*m - m + 3*c + 41 = 0. List the prime factors of m.
2, 13
Suppose 0*k + 5*k - 110 = 0. Suppose -2*q + k = -20. Let x = 50 - q. List the prime factors of x.
29
Suppose -988 = -2*y - 148. Let w be (-1008)/162 + (-2)/(-9). List the prime factors of (-3)/(3/y*w).
2, 5, 7
Let c(u) = u**2 - 17*u + 16. Let a be c(16). Suppose a = -k + 6*k - 710. What are the prime factors of (k - (5 + -2 + 0))*1?
139
Suppose 3*z - 36306 = -2*x + 78506, z + 114780 = 2*x. What are the prime factors of x?
2, 28697
Suppose 184*l - 194*l + 301820 = 0. List the prime factors of l.
2, 15091
Let k = -5 - -3. Let b be k/(-6) + 55/(-3). Let p = b - -55. List the prime factors of p.
37
Suppose -5*x - 10 = 5. What are the prime factors of 266 - (2/x + 168/63)?
2, 3, 11
Suppose 60406 = 5*p + t - 4*t, -p - 3*t + 12092 = 0. What are the prime factors of p?
43, 281
Suppose 8*z = 3*z - 15. Let o(w) = -8*w**2 + w + 7. Let p be o(z). List the prime factors of p/6*-6 - -3.
71
Let c be -1*1*5 + (107 - 169). Let n = c - -1958. List the prime factors of n.
31, 61
Suppose 3*a + 413*x - 415*x = 79726, 0 = -x - 8. List the prime factors of a.
2, 5, 2657
What are the prime factors of ((-10)/45 + 22/(-63))*(-1251075)/30?
2, 5, 2383
Let q = 54 + -60. Let t be (-2)/q + 1672/6. Let w = t + -167. What are the prime factors of w?
2, 7
Let i be (11 - (4 + 5)) + 0. Let l(z) = -3*z - 8. Let g be l(-6). Suppose -i*b - 1456 = -g*b. List the prime factors of b.
2, 7, 13
Let h = 13712 - -4076. List the prime factors of h.
2, 4447
Let t = 19112 - 4229. What are the prime factors of t?
3, 11, 41
Let d(z) be the second derivative of -266*z**3/3 - 9*z**2 - 45*z. What are the prime factors of d(-1)?
2, 257
Suppose 2*d + 0*u = 3*u - 102, -4*d - 2*u - 188 = 0. Let g = d + 53. Suppose 5*w - 5*y = 25, g*w = 3*y + 4 + 17. What are the prime factors of w?
3
Suppose 19680 = -12*m + 16*m. Suppose 14*v - m = 4*v. What are the prime factors of v?
2, 3, 41
Let n(z) = 72961*z**3 - 34*z**2 + 9*z - 2. List the prime factors of n(1).
2, 36467
Let r(b) = -2*b**2 + 8*b - 9. Let h be r(-24). Let c = 2395 + h. List the prime factors of c.
2, 521
Let i = 148 + -154. Let s = -73 - -136. List the prime factors of 26*s/12 + i/(-12).
137
Let l = 401 - 397. List the prime factors of l/(-8)*8/4*-295.
5, 59
Let w(z) = -187*z + 2. Let g be w(-12). Suppose -10*v = -3254 - g. List the prime factors of v.
2, 5, 11
Let m(r) = 2*r**3 + 33*r**2 + 16*r - 8. Let y be m(-16). Suppose 2*j - 376 = -0*j. Let d = j - y. What are the prime factors of d?
2, 7
Let x be (41 + 11)/(2*(-2)/(-62)). Let u = x + -529. List the prime factors of u.
277
Let a be 568/16 - (-2)/4. Let n = a - 40. List the prime factors of -2 - (n/10 - (-798)/(-5)).
2, 79
Let o = -13 - -6. Let y(q) = -12*q**2 + 3*q + 3. Let a be y(o). Let r = a - -876. List the prime factors of r.
2, 3, 5
Let v = -1793 - -1795. Suppose l = -0 - 1. What are the prime factors of v + l - (-93)/3 - -2?
2, 17
Let o be (-2 - -4)*(4 + 1 + -4). Suppose 0 = 5*a + 15, 4 = -0*l - l - o*a. Suppose c - l*q + q = 84, -c + 79 = 4*q. List the prime factors of c.
83
Suppose 0 = 5*j - 0*j + 4*p - 10, 38 = 3*j - 4*p. Suppose -j*y + 9*y = 12. Let u = 20 - y. What are the prime factors of u?
2
Let i(l) = 33*l**2 - 12*l - 2. Let a(u) = 5*u - 44. Let o be a(8). List the prime factors of i(o).
2, 7, 41
Let f = -556 + 1282. Let l = f + -435. Suppose 4*q - 2*p - 294 = 0, 2*p + 3*p + l = 4*q. List the prime factors of q.
2, 37
What are the prime factors of (1 + (-23590)/(-42))*(-102)/(-4)?
2, 17, 211
Let g = 25428 - -142. List the prime factors of g.
2, 5, 2557
Suppose -9*r + w + 98 = -6*r, 4*r - 99 = -5*w. Suppose 0 = -6*b + 14*b + 8. Let d = r + b. List the prime factors of d.
2, 3, 5
Suppose 0*m + 5*w = -5*m + 25, -5*m + 20 = 4*w. Suppose 0*v + 2*v = -3*y + 6, -y = m. Suppose -v*d + 218 + 103 = 0. What are the prime factors of d?
107
Suppose 64*k - 4 = 66*k. Let q be ((-12)/6)/(k/(-74)). Let a = 108 - q. List the prime factors of a.
2, 7, 13
Suppose d = 50*o - 48*o - 10208, 4*d = 24. List the prime factors of o.
5107
Let c = -19 + 21. Suppose 4*g - 28 = g - c*v, 3*g = 5*v - 7. Suppose -g*h + 131 = 41. List the prime fac